{"id":297,"date":"2015-07-01T09:50:35","date_gmt":"2015-07-01T09:50:35","guid":{"rendered":"http:\/\/demo.vegatheme.com\/aoxhost\/?page_id=297"},"modified":"2022-02-03T15:48:02","modified_gmt":"2022-02-03T13:48:02","slug":"standard-hosting","status":"publish","type":"page","link":"https:\/\/www.mojhost.si\/","title":{"rendered":"Spletno Gostovanje"},"content":{"rendered":"    <section  class=\"\"\r\n><div class=\"container\"><div class=\"row\">\n\t<div class=\"col-md-12 wpb_column vc_column_container\">\n\t\t<div  class=\"wpb_wrapper \">\n\t\t\t\r\n\t<div class=\"features_section\">\r\n\t\t<div class=\"sections\">\r\n\t    \t<div class=\"left\"><img decoding=\"async\" src=\"https:\/\/mojhost.si\/wp-content\/uploads\/2015\/05\/bg-hosting1.jpg\" alt=\"\" \/><\/div>\r\n\t\t\t<div class=\"right\">\r\n\t        \t<h4>Gostovanje spletnih strani<\/h4>\r\n\t        \t<p>Omogo\u010damo vam gostovanje PHP spletnih strani, vsi uporabniki dobijo na voljo tudi MySQL podatkovno bazo.<br \/>\nUporabniki dobijo dostop do nadzorne plo\u0161\u010de Plesk, kjer si lahko nastavitve sami urejajo.<\/p>\r\n\t        <\/div>\r\n\t    <div class=\"clearfix\"><\/div>    \r\n\t\t<\/div><!-- end section -->\t\r\n\t<\/div>\r\n\r\n\r\n\t<div class=\"features_section\">\r\n\t\t<div class=\"sections\">\r\n\t    \t<div class=\"left\"><img decoding=\"async\" src=\"https:\/\/mojhost.si\/wp-content\/uploads\/2015\/07\/14191286471_33851dbc88_o.png\" alt=\"\" \/><\/div>\r\n\t\t\t<div class=\"right\">\r\n\t        \t<h4>Elektronska po\u0161ta<\/h4>\r\n\t        \t<p>Omogo\u010damo vam napredno uporabo elektronske po\u0161te na svoji domeni.<br \/>\nZa dostop do po\u0161te lahko uporabljate spletni vmesnik ali POP3, IMAP klienta.<br \/>\n<\/p>\r\n\t        <\/div>\r\n\t    <div class=\"clearfix\"><\/div>    \r\n\t\t<\/div><!-- end section -->\t\r\n\t<\/div>\r\n\r\n\r\n\t<div class=\"features_section\">\r\n\t\t<div class=\"sections\">\r\n\t    \t<div class=\"left\"><img decoding=\"async\" src=\"https:\/\/mojhost.si\/wp-content\/uploads\/revslider\/home_slider\/4.png\" alt=\"\" \/><\/div>\r\n\t\t\t<div class=\"right\">\r\n\t        \t<h4>Parkiranje domen<\/h4>\r\n\t        \t<p>Pri nas lahko parkirate svoje domene.<\/p>\r\n\t        <\/div>\r\n\t    <div class=\"clearfix\"><\/div>    \r\n\t\t<\/div><!-- end section -->\t\r\n\t<\/div>\r\n\r\n\n\t\t<\/div> \n\t<\/div> \n<\/div><\/div><\/section>\n","protected":false},"excerpt":{"rendered":"Gostovanje spletnih strani Omogo\u010damo vam gostovanje PHP spletnih strani, vsi uporabniki dobijo na voljo tudi MySQL podatkovno bazo. Uporabniki dobijo dostop do nadzorne plo\u0161\u010de Plesk, kjer si lahko nastavitve sami urejajo. Elektronska po\u0161ta Omogo\u010damo vam napredno uporabo elektronske po\u0161te na svoji domeni. Za dostop do po\u0161te lahko uporabljate spletni vmesnik ali POP3, IMAP klienta. Parkiranje [...]","protected":false},"author":1,"featured_media":0,"parent":0,"menu_order":0,"comment_status":"closed","ping_status":"closed","template":"page-templates\/template-fullwidth.php","meta":{"footnotes":""},"class_list":["post-297","page","type-page","status-publish","hentry"],"_links":{"self":[{"href":"https:\/\/www.mojhost.si\/index.php\/wp-json\/wp\/v2\/pages\/297","targetHints":{"allow":["GET"]}}],"collection":[{"href":"https:\/\/www.mojhost.si\/index.php\/wp-json\/wp\/v2\/pages"}],"about":[{"href":"https:\/\/www.mojhost.si\/index.php\/wp-json\/wp\/v2\/types\/page"}],"author":[{"embeddable":true,"href":"https:\/\/www.mojhost.si\/index.php\/wp-json\/wp\/v2\/users\/1"}],"replies":[{"embeddable":true,"href":"https:\/\/www.mojhost.si\/index.php\/wp-json\/wp\/v2\/comments?post=297"}],"version-history":[{"count":15,"href":"https:\/\/www.mojhost.si\/index.php\/wp-json\/wp\/v2\/pages\/297\/revisions"}],"predecessor-version":[{"id":600,"href":"https:\/\/www.mojhost.si\/index.php\/wp-json\/wp\/v2\/pages\/297\/revisions\/600"}],"wp:attachment":[{"href":"https:\/\/www.mojhost.si\/index.php\/wp-json\/wp\/v2\/media?parent=297"}],"curies":[{"name":"wp","href":"https:\/\/api.w.org\/{rel}","templated":true}]}}